nder when m(2) is divided by 7?
6
Let u = 671 - 541. What is the remainder when u is divided by 33?
31
Let n be (-1)/7*6*(-154)/44. Suppose -2*m + 2*v + 14 = -48, m = -n*v + 39. Calculate the remainder when m is divided by ((-36)/10 + 0)*-5.
15
Let g(s) = -4*s**2 - s - 7. Let o(j) = -5*j**2 - 7. Let v(n) = -6*g(n) + 5*o(n). Let k be v(5). Let x = k + 2. Calculate the remainder when 27 is divided by x.
13
Suppose 3*b - 24 = -4*p + 12, -p - 2*b + 14 = 0. Calculate the remainder when 618/90 + -7 + (-5)/(300/(-1688)) is divided by p/(-4)*64/(-6).
12
Let m(r) = -r**3 + r**2 + 3*r + 1. Let q be m(3). Let n be (q/(-5))/(16/(-80)). Calculate the remainder when ((-6)/(-9))/(n/(-252)) is divided by 12.
9
What is the remainder when 274 is divided by 39/9 + (-8)/24 - -42?
44
Let v = 26 + 9. Let d be (-58)/(-14) - 5/v. Suppose -2*g + 5*g - 47 = -d*r, 0 = -3*r - 2*g + 34. What is the remainder when 20 is divided by r?
4
Suppose 0 = 3*w - 4*w - 32. Let b = -9 - w. Suppose -5*j + 0*j = -30. What is the remainder when b is divided by j?
5
Suppose 74*c + 23*c = 14065. What is the remainder when c is divided by 42?
19
Let m = 3 - 7. Let r = 25 + -17. Calculate the remainder when -1 + m + 1 + 42 is divided by r.
6
Suppose 0 = -4*a + 15 - 7. Suppose a*b = 86 - 82. What is the remainder when 8 is divided by b?
0
Suppose 3*h + 8 = -j - 3*j, -j = 2. Suppose -5*k + 100 = 4*o, -4*k = o - h*k - 36. Calculate the remainder when 38 is divided by o.
18
What is the remainder when (78/(-5))/(7/((-525)/6)) is divided by 66?
63
Let u be (-1 + -3)/(4/(-42)). Suppose 2 = -4*d + u. Suppose 15*c = 207 - 117. What is the remainder when d is divided by c?
4
Let k = 305 + -130. Calculate the remainder when k is divided by 20.
15
Suppose 149*o = 189*o - 1320. What is the remainder when 114 is divided by o?
15
Calculate the remainder when 34 is divided by 57/(-18) - -3 - (-79)/6.
8
Suppose 2*l + 0*l + 2*y - 20 = 0, -3*y = -3*l + 24. Suppose -4*a + 0*a = -4. What is the remainder when (a - 2) + (-128)/(-8) is divided by l?
6
Suppose w - 471 = -417. What is the remainder when 214 is divided by w?
52
Calculate the remainder when 2756/51 - 96/2448 is divided by (45/(-12))/(1/(-4)).
9
Let m = -380 - -431. What is the remainder when 865 is divided by m?
49
Let k(d) = -d**2 + 40*d + 340. What is the remainder when k(38) is divided by 154?
108
Suppose -4*h + 9*h - 235 = 0. Let p = 70 - h. Calculate the remainder when p is divided by 15.
8
Let g = -852 - -896. Calculate the remainder when 95 is divided by g.
7
Suppose 0*u + 5*u = 0. Let k = u - 0. Suppose k = 2*z - m - 7 - 32, -2*z + 4*m + 48 = 0. What is the remainder when 69 is divided by z?
15
Let r = -1086 - -1596. What is the remainder when r is divided by 73?
72
Let o(a) = -a - 4. Let w be o(-9). Suppose 16 = 2*u + 3*x, -4*u - w*x + 3 + 31 = 0. What is the remainder when 54 is divided by u?
10
Let a = 953 - 855. What is the remainder when 486 is divided by a?
94
Suppose 9*c - 225 = -63. What is the remainder when 67 is divided by c?
13
Suppose -t - 384 = 13*b - 18*b, -2*b = 3*t - 140. What is the remainder when b is divided by 29?
18
Let m(u) = -u**3 + 16*u**2 - 9*u - 20. Let q be m(15). Suppose -4*n + 89 = i, q = 3*n + i + 3*i. Calculate the remainder when n is divided by 6.
4
Let a = 2071 + -1782. What is the remainder when a is divided by 16?
1
Calculate the remainder when 6 is divided by (-5 - (-1 + 0)) + 8.
2
Let y be 22 + (-8 + 4 - -4)/(-3). Let m(b) = -b**3 + 22*b**2 + b - 3. What is the remainder when 74 is divided by m(y)?
17
Let i = 0 - 44. Let p = -15 - i. What is the remainder when p is divided by 15?
14
What is the remainder when (8734/3)/(266/399) is divided by 26?
25
Let q(v) be the first derivative of -1/2*v**2 + v - 1/3*v**3 - 1 - 1/4*v**4. Calculate the remainder when q(-3) is divided by 4.
2
Suppose -5*g = 4*i - 74, -2*i + 5*g + 38 = 8*g. What is the remainder when 2338/70 - (2 + i/(-10)) is divided by 18?
15
Let m(a) = 1. Let z(r) = -r + 3. Let h(j) = 6*m(j) + 2*z(j). What is the remainder when 167 is divided by h(0)?
11
Suppose 0 = -s - 4, -2*t + 6*t = 4*s + 84. What is the remainder when -14 + (55 - 6) - 6*1 is divided by t?
12
What is the remainder when 118 is divided by 47 - 34 - (1 - 8)?
18
Let v(s) = -91*s + 68. Calculate the remainder when v(-3) is divided by 49.
47
Let p(g) = 2*g**3 - 15*g**2 + 13*g - 18. Calculate the remainder when 164 is divided by p(7).
20
Let i(u) = u**3 + 9*u**2 + 9*u + 11. Let p be i(-8). Let a = p - -6. Calculate the remainder when 24 is divided by a.
6
Let s(w) = 2*w**2 - 2*w + 4. Calculate the remainder when s(5) is divided by -3*(-3)/(-6)*2 + 12.
8
Suppose 0 = 4*w - 5*l - 160, -2*w - 6*l = -l - 50. Suppose 6*g - g = w. Let j = 58 + -32. Calculate the remainder when j is divided by g.
5
Suppose 5*z - 207 - 23 = 0. Let i = -38 + 37. Calculate the remainder when z is divided by 1 + (-4 - i) - -14.
10
Let a(v) = -v**3 + 11*v**2 - 9*v - 4. Let z be (-3)/2*(2 + (34 - 2)). Let o = z - -73. What is the remainder when o is divided by a(10)?
4
Calculate the remainder when 150 is divided by (7 - (-105)/(-25))*(1 + 4).
10
Suppose 0 = -2*f + 30 + 20. What is the remainder when 14/(-1 - 2 - (-44)/14) is divided by f?
23
Calculate the remainder when 33/(-66)*(10*-5 + 2) is divided by 159/15 - (-2)/5.
2
Let c = 99 + -79. Let d(m) = -7*m + 3. Calculate the remainder when d(-7) is divided by c.
12
Calculate the remainder when 62860/75 - 3 - (-12)/(-90) is divided by 9.
7
Let t be (-27)/36*(-8)/3. Let n(p) = -2 + p**3 + p - t*p**2 + 0*p**3 - 5*p**2. Calculate the remainder when n(8) is divided by 18.
16
Suppose -2*t + 4*q = -380, 0 = -2*t - t + 4*q + 580. Suppose 3*f - 53 = 2*g + 49, 4*g - 5*f = -t. Let n = 26 - g. What is the remainder when n is divided by 18?
17
Suppose 2*k + 28*k = 7080. Calculate the remainder when k is divided by 34.
32
Let f(i) = i**2 - 10*i + 14. Let c be f(9). Calculate the remainder when c - 1 - (-14 + 13) is divided by 1.
0
Suppose 2*i - 226 - 142 = -3*n, n = -4*i + 716. What is the remainder when i is divided by 52?
22
Let n = 23 - 20. Suppose -4*c = -c - 6, n*c + 9 = 5*h. Suppose -12 = -h*p + 24. Calculate the remainder when 23 is divided by p.
11
Suppose 4*w + 62 = 6*w. Suppose 0 = -k - h - w + 162, 5*h + 665 = 5*k. What is the remainder when 1/(((-3)/k)/(-1)) is divided by 12?
8
Let h(m) = -m**3 + 15*m**2 - 14*m - 12. Let f be h(14). Let i be ((-54)/(-12))/((-2)/f). Suppose -36 = -3*q + i. What is the remainder when q is divided by 6?
3
Suppose 5*r + 40*p - 43*p - 168 = 0, -4*r + 4*p = -128. Calculate the remainder when 248 is divided by r.
32
Suppose 764*n = 766*n - 38. Suppose -w + 203 = 17. Calculate the remainder when w is divided by n.
15
Suppose 3*u + 3*y = 4*y + 40, -3 = 3*y. What is the remainder when 24 is divided by u?
11
Suppose -3*d + 2*x = -d - 34, -4*d = -2*x - 68. Let l(r) = 18*r - 6. Calculate the remainder when l(4) is divided by d.
15
Suppose -5*w + 53 = u + 23, -3*u + 4*w = -71. What is the remainder when 68 is divided by u?
18
Let l = -31 + 29. Let s be (-3 - -2)*(-5 - l). Suppose 4*c + 159 = 3*k, s*k + 3*c - 4*c - 159 = 0. What is the remainder when k is divided by 19?
15
Suppose -25*x - 565 = -5040. Calculate the remainder when x is divided by 37.
31
Let u = -57 + 61. Suppose l - 103 - 27 = 5*s, -u*l - 4*s + 544 = 0. Calculate the remainder when l is divided by 28.
23
Let a(q) = q**3 + 4*q**2 - q + 5. Let i be 57/(-15) + (-2)/10. Calculate the remainder when a(i) is divided by 78/18 - (24/(-9))/4.
4
Suppose -9*a + 144 = 3*a. Suppose -156 = -9*j - a. What is the remainder when j is divided by 3?
1
Let i(r) = -3*r + 1. Let o be i(-1). Let k(q) = -2*q**2 + 0*q + q**3 + 4*q - 1 - 3*q. Calculate the remainder when k(o) is divided by 19.
16
Suppose 4*d - 6*y + 2 = -4*y, -1 = -5*d - y. Let q(k) = 4*k - 42. Let z be q(8). Let a = d - z. Calculate the remainder when a is divided by 4.
2
Let q be 8460/84 + 2/7. Let n = -8 + q. Calculate the remainder when n is divided by 12.
9
Let b = 23 + -27. What is the remainder when 11 is divided by (15/b + 2)*-4?
4
Let h(s) = -s - 21. Let n be h(-18). Let u(j) = -2*j**3 - j**2 + 1. What is the remainder when u(n) is divided by 12?
10
Suppose -y = y - 468. What is the remainder when y is divided by 14?
10
Let x = -10